6?
1637
In base 10, what is 452 - 44?
408
In base 3, what is 21000210 + -12?
21000121
In base 8, what is -650765 + -5?
-650772
In base 2, what is -1010 + -10111100010010110?
-10111100010100000
In base 16, what is 4 - -3971?
3975
In base 3, what is -1210011 + 11100120?
2120102
In base 8, what is -14723 + -2?
-14725
In base 10, what is 149 - -1114?
1263
In base 6, what is -452 - 113311?
-114203
In base 5, what is 20 + 44201304?
44201324
In base 5, what is 441211 + 11?
441222
In base 7, what is -22 - 1001553?
-1001605
In base 10, what is 148676 + 5?
148681
In base 3, what is -2022 - -120212002?
120202210
In base 3, what is 11 - -101020020020?
101020020101
In base 10, what is -874740 - -5?
-874735
In base 11, what is -3 + 13457?
13454
In base 8, what is 2 + -45264?
-45262
In base 4, what is -123 + -103103?
-103232
In base 3, what is 1002 + -11121?
-10112
In base 11, what is 36 - -26a4?
272a
In base 13, what is 15 - -4a?
62
In base 4, what is 0 + -13202322?
-13202322
In base 5, what is -10 + 440430?
440420
In base 5, what is -40430 + 2311?
-33114
In base 10, what is 28 + -3111?
-3083
In base 2, what is -110 - -110010101111010?
110010101110100
In base 6, what is -531 - 1554?
-2525
In base 2, what is -1010001101 - 110011101?
-10000101010
In base 5, what is 213232321 + 2?
213232323
In base 8, what is -1777 - 345?
-2344
In base 9, what is 1265 + 1103?
2368
In base 14, what is -53 + -ab?
-120
In base 16, what is -41a - 8e?
-4a8
In base 8, what is 1332255 + -1?
1332254
In base 10, what is 578 - 5?
573
In base 8, what is -551 + -155?
-726
In base 5, what is 4331103 - -3?
4331111
In base 13, what is -a125 + -4?
-a129
In base 7, what is 5 - 3064212?
-3064204
In base 15, what is -1720 + ed?
-1622
In base 13, what is -75089 - 15?
-750a1
In base 16, what is 61ff - -1a?
6219
In base 11, what is 13 - 13107?
-130a4
In base 13, what is 1947 + -12?
1935
In base 3, what is -11 + 102112012?
102112001
In base 13, what is -376c5 - -2?
-376c3
In base 6, what is -5 + -1215433?
-1215442
In base 14, what is 3ab + -7a0?
-3d3
In base 12, what is -83 + 111?
4a
In base 7, what is 2 - 3450461?
-3450456
In base 3, what is 111 - -20010?
20121
In base 14, what is -3 + d824?
d821
In base 11, what is -9 + 3022?
3014
In base 16, what is 1e - b75?
-b57
In base 4, what is -11220002 - -11?
-11213331
In base 8, what is -115112 - -2?
-115110
In base 16, what is c0d9 + -5?
c0d4
In base 10, what is 0 - 9110?
-9110
In base 15, what is 2 + -2028?
-2026
In base 2, what is 11000100100010 + -11?
11000100011111
In base 14, what is 10c7 - 22?
10a5
In base 6, what is 432222 + -11?
432211
In base 4, what is 210 - 1002230?
-1002020
In base 13, what is c2 + -237?
-145
In base 8, what is -2274740 - 6?
-2274746
In base 8, what is 3 - 42663?
-42660
In base 4, what is -322301110 - 1?
-322301111
In base 16, what is 2 - -967d?
967f
In base 16, what is 126e7 + 1?
126e8
In base 11, what is -131809 - 2?
-131810
In base 5, what is -1423 - 11224?
-13202
In base 13, what is -2 + 6792?
6790
In base 3, what is -1110201200 - 12000?
-1110220200
In base 10, what is 4 + 17590?
17594
In base 12, what is 1 + -71b?
-71a
In base 15, what is -9c + -1c1d?
-1cba
In base 11, what is 0 + 4aa3?
4aa3
In base 9, what is 117 + 1047?
1165
In base 5, what is 44412 + 131?
100043
In base 3, what is 101011221 - 110102?
100201112
In base 13, what is 395 - 135?
260
In base 5, what is 1300402 - 2?
1300400
In base 15, what is 329 - 11db?
-db2
In base 11, what is 5 + -214486?
-214481
In base 15, what is -e2 + -d9?
-1cb
In base 3, what is -120212 + -101110?
-222022
In base 11, what is 37 + -1311?
-1285
In base 8, what is 642 + 651?
1513
In base 16, what is -1 - 11439?
-1143a
In base 11, what is -5 + 732a55?
732a50
In base 12, what is -316b20 - -5?
-316b17
In base 13, what is 80 + 8c17?
8c97
In base 13, what is -9a - 76?
-143
In base 10, what is 124453 + -4?
124449
In base 11, what is 2135 + 218?
2352
In base 6, what is 1430 + 25253?
31123
In base 4, what is -1231333 - -13?
-1231320
In base 2, what is 1101111 + 100110000?
110011111
In base 5, what is -231 + -310404?
-311140
In base 2, what is 10 - -101110011010101111?
101110011010110001
In base 11, what is 91454 + 4?
91458
In base 4, what is -201121 + 20332?
-120123
In base 14, what is -4d + -15ba?
-1629
In base 16, what is 2 - 28de?
-28dc
In base 2, what is 11111100111100 + 1?
11111100111101
In base 4, what is 120 - -21110?
21230
In base 5, what is 40 + 41421?
42011
In base 4, what is -13221322 + -120?
-13222102
In base 10, what is -855098 + 3?
-855095
In base 13, what is -79 - a82a?
-a8a6
In base 11, what is 5 + 221567?
221571
In base 2, what is 1001011100101 - -11?
1001011101000
In base 4, what is 3133 - 233321?
-230122
In base 6, what is 114400400 - -2?
114400402
In base 16, what is 46 + 21e?
264
In base 4, what is -2321 - 203?
-3130
In base 13, what is -30c2 - -5?
-30ba
In base 12, what is 5 + 88045?
8804a
In base 16, what is -b + 1e76?
1e6b
In base 6, what is -25321 - 13?
-25334
In base 4, what is -3032223 - -233?
-3031330
In base 11, what is 129250 + 5?
129255
In base 12, what is -31ab - -112?
-3099
In base 14, what is -5436 + -5?
-543b
In base 4, what is -11102322 - 3?
-11102331
In base 7, what is -222303 - -1?
-222302
In base 14, what is -7 - b3a?
-b43
In base 9, what is 27224 + 421?
27645
In base 14, what is -64 - -194?
130
In base 5, what is -33323 - 22?
-33400
In base 16, what is 3 - 68a86?
-68a83
In base 6, what is -323013 + 2?
-323011
In base 11, what is -303 - 3a2?
-6a5
In base 14, what is -4 - 1b6689?
-1b668d
In base 8, what is 6105 + -410?
5475
In base 14, what is 1a481a + 3?
1a481d
In base 2, what is -10 - -10001110111101010?
10001110111101000
In base 5, what is 12103 - -10442?
23100
In base 9, what is -66385 - -114?
-66271
In base 5, what is 14202 + -140?
14012
In base 10, what is 4 + -217729?
-217725
In base 12, what is 70a - -28?
736
In base 15, what is 4ab0 + -15?
4a9a
In base 13, what is 6517 + -74?
6473
In base 6, what is 34 + 52213?
52251
In base 4, what is 0 + -3210220103?
-3210220103
In base 15, what is 8 + -83e?
-836
In base 13, what is 0 + 34c5?
34c5
In base 3, what is -10012012 - -2210?
-10002102
In base 16, what is 6309 - 0?
6309
In base 4, what is -3233020 + -3?
-3233023
In base 11, what is 44123 + -15?
44109
In base 12, what is -2 + -22225?
-22227
In base 4, what is -310 - -111?
-133
In base 5, what is -13 + 134441?
134423
In base 16, what is -4f - 427?
-476
In base 11, what is 2 - -78?
7a
In base 2, what is -1001001 + -10101100101?
-10110101110
In base 16, what is -366e8 + 4?
-366e4
In base 4, what is 21121231 - -21?
21121312
In base 9, what is 551344 - 8?
551335
In base 4, what is -33132033 + -2?
-33132101
In base 2, what is 1101 + 1111110000?
1111111101
In base 10, what is -5333 - 6?
-5339
In base 8, what is -3747 + -4?
-3753
In base 16, what is 5 - b9a9?
-b9a4
In base 11, what is 253a0 - -6?
253a6
In base 15, what is 10 - 1341?
-1331
In base 15, what is -108b9 - -14?
-108a5
In base 16, what is 6 + 5fee?
5ff4
In base 10, what is -1 - -543167?
543166
In base 13, what is 1139 + -216?
c23
In base 10, what is 76281 + 12?
76293
In base 15, what is -50 - -1db?
18b
In base 16, what is 7d27a + -5?
7d275
In base 8, what is -20511 - 53?
-20564
In base 12, what is 175174 - 20?
175154
In base 6, what is -1445323 - -5?
-1445314
In base 15, what is a7 + -7e?
28
In base 5, what is -1341 - -111031?
104140
In base 11, what is -119a - 43?
-1232
In base 16, what is -34 + 3c6?
392
In base 3, what is 100210110211 - 10?
100210110201
In base 15, what is -513 + -6?
-519
In base 13, what is 3042 - -19?
305b
In base 4, what is 300003 + 20?
300023
In base 9, what is -22 + -45325?
-45347
In base 12, what is -707 + -8a?
-795
In base 2, what is -10000101 - -11100000?
1011011
In base 11, what is -1961a + -29?
-19648
In base 13, what is -bb2b + 14c?
-b9ac
In base 6, what is 1 - 14525002?
-14525001
In base 14, what is 5 - 1d228?
-1d223
In base 15, what is 23 - 1927?
-1904
In base 16, what is -2 - -232e7?
232e5
In base 8, what is 516 + 3665?
4403
In base 3, what is 101122000 + -10120?
101111110
In base 2, what is 10001100110011 - -1000?
10001100111011
In base 10, what is -47 - 6396?
-6443
In base 11, what is 2 + 431aa6?
431aa8
In base 12, what is 58 + -9067?
-900b
In base 4, what is -10